{"id":16301,"date":"2022-07-28T09:12:57","date_gmt":"2022-07-28T09:12:57","guid":{"rendered":"https:\/\/tu11.fi\/taekwondo\/?page_id=16301"},"modified":"2025-04-15T11:59:46","modified_gmt":"2025-04-15T11:59:46","slug":"ristipellontie-14-ohjeita-jalankulkijoille-autoilijoille-ja-pyorailijoille","status":"publish","type":"page","link":"http:\/\/tu11.fi\/taekwondo\/ristipellontie-14-ohjeita-jalankulkijoille-autoilijoille-ja-pyorailijoille\/","title":{"rendered":"Ristipellontie 14, ohjeita jalankulkijoille, autoilijoille ja py\u00f6r\u00e4ilij\u00f6ille"},"content":{"rendered":"\n\n\n<p>Uudenkin salin liikenneymp\u00e4rist\u00f6 on v\u00e4hint\u00e4\u00e4nkin haastava. T\u00e4ss\u00e4 joitakin ohjeita jalan, autolla tai polkupy\u00f6r\u00e4ll\u00e4 liikkuville. Etenkin autoilijoiden pit\u00e4\u00e4 noudattaa n\u00e4it\u00e4 ohjeita pilkulleen!<\/p>\n<h3>Ovet<\/h3>\n<p><img decoding=\"async\" src=\"http:\/\/tu11.fi\/taekwondo\/wp-content\/uploads\/2025\/04\/kartta_sisaan.png\" alt=\"\" \/><\/p>\n<p>Rakennuksen Ristipellontien puolelta kulkevat vain Punttisali.comin asiakkaat, joilla on jo kulkutunniste. Muut k\u00e4ytt\u00e4v\u00e4t rakennuksen takana olevia ovia. Ensimm\u00e4inen ovi on HAC:n k\u00e4yt\u00f6ss\u00e4 ja toinen TU11:n, Punttisalin.comin sek\u00e4 niiden HAC:n urheilijoiden k\u00e4yt\u00f6ss\u00e4, jotka k\u00e4ytt\u00e4v\u00e4t pukuhuonetta.<\/p>\n<h3>Jalankulku<\/h3>\n<p><img decoding=\"async\" src=\"https:\/\/tu11.fi\/taekwondo\/wp-content\/uploads\/2022\/07\/kavely.jpg\" \/><\/p>\n<p>K\u00e4velyreitti kulkee rakennusta vastap\u00e4iv\u00e4\u00e4n kiert\u00e4en. Noudata varovaisuutta. Erityisesti Ristipellontien ylitys on vaarallinen, koska suojatiet\u00e4 ei ole.<\/p>\n<h3>Autolla<\/h3>\n<p>Autoilijoilla on erityinen vastuu jalankulkijoiden turvallisuudesta. Noudata n\u00e4it\u00e4 ohjeita sek\u00e4 sinulle suullisesti ja liikennemerkein annettuja lis\u00e4ohjeistuksia!<\/p>\n<h4>Ajoreitit<\/h4>\n<p><img decoding=\"async\" src=\"https:\/\/tu11.fi\/taekwondo\/wp-content\/uploads\/2022\/07\/ajoreitit.jpg\" alt=\"Ajoreitit TU11 HAC Punttisali.com\" width=\"1191\" height=\"842\" \/><\/p>\n<p>Kulkeminen tapahtuu rakennuksen ymp\u00e4ri vastap\u00e4iv\u00e4\u00e4n. Huomioi pys\u00e4k\u00f6intipaikat ja pys\u00e4k\u00f6intikieltoalueet.<\/p>\n<p>Sis\u00e4\u00e4ntuloon k\u00e4ytet\u00e4\u00e4n keskimm\u00e4ist\u00e4 porttia ja ulosajo tapahtuu etel\u00e4isest\u00e4 tai pohjoisesta portista.<\/p>\n<h4>Pys\u00e4k\u00f6intikieltoalueet<\/h4>\n<p><img decoding=\"async\" src=\"https:\/\/tu11.fi\/taekwondo\/wp-content\/uploads\/2022\/07\/pysakointikiellot.jpg\" alt=\"Pys\u00e4k\u00f6intikieltoalueet TU11 HAC PUNTTISALI.COM\" width=\"1191\" height=\"842\" \/><\/p>\n<p>Pys\u00e4k\u00f6inti on sallittu vain merkityill\u00e4 paikoilla. Lastaussillan paikat (merkitty oranssilla) on varattu kuljetuksien sek\u00e4 huoltoliikenteen k\u00e4ytt\u00f6\u00f6n.<\/p>\n<p>Rakennuksen takana on pys\u00e4k\u00f6inti ehdottomasti kielletty (punainen alue).<\/p>\n<h4>Pys\u00e4k\u00f6intipaikat<\/h4>\n<p><img decoding=\"async\" src=\"https:\/\/tu11.fi\/taekwondo\/wp-content\/uploads\/2022\/07\/parkkipaikat.jpg\" \/><\/p>\n<p>Vihre\u00e4ll\u00e4 merkityt paikat ovat HAC:n, TU11:n ja Punttisali.comin k\u00e4ytt\u00e4jien k\u00e4yt\u00f6ss\u00e4. K\u00e4yt\u00e4 vain merkittyj\u00e4 paikkoja. Kello 17.00 j\u00e4lkeen on my\u00f6s mahdollista k\u00e4ytt\u00e4\u00e4 Ristipellontie 16 parkkipaikkaa, josta on k\u00e4vely-yhteys Ristipellontie 14.<br \/><br \/>Keltaisella merkityt alueet ovat HAC:n, TU11:n ja Punttisali.comin k\u00e4ytt\u00e4jien k\u00e4yt\u00f6ss\u00e4 <strong>17.00-7.00.<\/strong> K\u00e4yt\u00e4 vain merkittyj\u00e4 paikkoja.<\/p>\n<p>Ristipellontien vastakkaisella puolella on runsaasti pys\u00e4k\u00f6intilaa niin kadun varressa kuin parkkipaikoillakin. Huomaa mahdolliset rajoitukset!<\/p>\n<h3>Py\u00f6r\u00e4ll\u00e4<\/h3>\n<p><img decoding=\"async\" src=\"https:\/\/tu11.fi\/taekwondo\/wp-content\/uploads\/2022\/07\/pyorat.jpg\" alt=\"Polkupy\u00f6r\u00e4t TU11 HAC Punttisali.com\" width=\"1191\" height=\"842\" \/><\/p>\n<p>Py\u00f6rille on varattu tilaa HAC:n ja TU11\/Punttisali.comin ovien v\u00e4liselle alueelle. Noudata varovaisuutta alueella liikkuessasi. \u00c4l\u00e4 j\u00e4t\u00e4 py\u00f6r\u00e4\u00e4si ajoreitille.\u00a0<\/p>\n","protected":false},"excerpt":{"rendered":"<p>Uudenkin salin liikenneymp\u00e4rist\u00f6 on v\u00e4hint\u00e4\u00e4nkin haastava. T\u00e4ss\u00e4 joitakin ohjeita jalan, autolla tai polkupy\u00f6r\u00e4ll\u00e4 liikkuville. Etenkin autoilijoiden pit\u00e4\u00e4 noudattaa n\u00e4it\u00e4 ohjeita pilkulleen! Ovet Rakennuksen Ristipellontien puolelta kulkevat vain Punttisali.comin asiakkaat, joilla on jo kulkutunniste. Muut k\u00e4ytt\u00e4v\u00e4t rakennuksen takana olevia ovia. Ensimm\u00e4inen ovi on HAC:n k\u00e4yt\u00f6ss\u00e4 ja toinen TU11:n, Punttisalin.comin sek\u00e4 niiden HAC:n urheilijoiden k\u00e4yt\u00f6ss\u00e4, jotka k\u00e4ytt\u00e4v\u00e4t&hellip;<\/p>\n","protected":false},"author":2,"featured_media":49820,"parent":0,"menu_order":0,"comment_status":"closed","ping_status":"closed","template":"templates\/template-cover.php","meta":{"footnotes":""},"class_list":["post-16301","page","type-page","status-publish","has-post-thumbnail","hentry"],"yoast_head":"<!-- This site is optimized with the Yoast SEO plugin v27.2 - https:\/\/yoast.com\/product\/yoast-seo-wordpress\/ -->\n<title>Ristipellontie 14, ohjeita jalankulkijoille, autoilijoille ja py\u00f6r\u00e4ilij\u00f6ille - Taekwondourheilijat 2011 | Taekwondoa parhaassa seurassa | Helsinki | Espoo | Vantaa<\/title>\n<meta name=\"description\" content=\"TU11 tarjoaa innostavan ymp\u00e4rist\u00f6n harjoitella taekwondoa kaikenik\u00e4isille ja -tasoisille, aloittelijoista huippu-urheilijoihin. Valmennus on systemaattista ja valmentajat maamme parhaimmistoa. Aloita taekwondo nyt!\" \/>\n<meta name=\"robots\" content=\"index, follow, max-snippet:-1, max-image-preview:large, max-video-preview:-1\" \/>\n<link rel=\"canonical\" href=\"http:\/\/tu11.fi\/taekwondo\/ristipellontie-14-ohjeita-jalankulkijoille-autoilijoille-ja-pyorailijoille\/\" \/>\n<script type=\"application\/ld+json\" class=\"yoast-schema-graph\">{\"@context\":\"https:\/\/schema.org\",\"@graph\":[]}<\/script>\n<!-- \/ Yoast SEO plugin. -->","yoast_head_json":{"title":"Ristipellontie 14, ohjeita jalankulkijoille, autoilijoille ja py\u00f6r\u00e4ilij\u00f6ille - Taekwondourheilijat 2011 | Taekwondoa parhaassa seurassa | Helsinki | Espoo | Vantaa","description":"TU11 tarjoaa innostavan ymp\u00e4rist\u00f6n harjoitella taekwondoa kaikenik\u00e4isille ja -tasoisille, aloittelijoista huippu-urheilijoihin. Valmennus on systemaattista ja valmentajat maamme parhaimmistoa. Aloita taekwondo nyt!","robots":{"index":"index","follow":"follow","max-snippet":"max-snippet:-1","max-image-preview":"max-image-preview:large","max-video-preview":"max-video-preview:-1"},"canonical":"http:\/\/tu11.fi\/taekwondo\/ristipellontie-14-ohjeita-jalankulkijoille-autoilijoille-ja-pyorailijoille\/","schema":{"@context":"https:\/\/schema.org","@graph":[]}},"amp_enabled":true,"head":{"html":["<meta name=\"wpsso-begin\" content=\"wpsso structured data begin\"\/>\n","<!-- generator:1 --><meta name=\"generator\" content=\"WPSSO Core 21.12.0\/L*\"\/>\n","<!-- generator:2 --><meta name=\"generator\" content=\"WPSSO RAR 3.3.0\/S\"\/>\n","<!-- generator:3 --><meta name=\"generator\" content=\"WPSSO REST 3.3.0\/S\"\/>\n","<!-- generator:4 --><meta name=\"generator\" content=\"WPSSO BC 5.5.0\/S\"\/>\n","<!-- generator:5 --><meta name=\"generator\" content=\"WPSSO FAQ 7.1.0\/S\"\/>\n","<!-- generator:6 --><meta name=\"generator\" content=\"WPSSO OPM 5.1.0\/S\"\/>\n","<!-- generator:7 --><meta name=\"generator\" content=\"WPSSO SSM 3.4.0\/S\"\/>\n","<!-- generator:8 --><meta name=\"generator\" content=\"WPSSO TIE 4.1.0\/S\"\/>\n","<!-- generator:9 --><meta name=\"generator\" content=\"WPSSO UM 7.3.0\/S\"\/>\n","<!-- generator:10 --><meta name=\"generator\" content=\"WPSSO UL 4.3.0\/S\"\/>\n","<link rel=\"shortlink\" href=\"http:\/\/tu11.fi\/taekwondo\/?p=16301\"\/>\n","<meta property=\"fb:app_id\" content=\"966242223397117\"\/>\n","<meta property=\"og:type\" content=\"website\"\/>\n","<meta property=\"og:url\" content=\"http:\/\/tu11.fi\/taekwondo\/ristipellontie-14-ohjeita-jalankulkijoille-autoilijoille-ja-pyorailijoille\/\"\/>\n","<meta property=\"og:locale\" content=\"fi_FI\"\/>\n","<meta property=\"og:site_name\" content=\"Taekwondourheilijat 2011 | Taekwondoa parhaassa seurassa | Helsinki | Espoo | Vantaa\"\/>\n","<meta property=\"og:title\" content=\"Ristipellontie 14, ohjeita jalankulkijoille, autoilijoille ja...\"\/>\n","<meta property=\"og:description\" content=\"TU11 tarjoaa innostavan ymp&auml;rist&ouml;n harjoitella taekwondoa kaikenik&auml;isille ja -tasoisille, aloittelijoista huippu-urheilijoihin. Valmennus on systemaattista ja valmentajat maamme parhaimmistoa. Aloita taekwondo nyt!\"\/>\n","<meta property=\"og:updated_time\" content=\"2025-04-15T11:59:46+00:00\"\/>\n","<!-- og:image:1 --><meta property=\"og:image\" content=\"http:\/\/tu11.fi\/taekwondo\/wp-content\/uploads\/2025\/04\/kartta_sisaan-1200x630-cropped.png\"\/>\n","<!-- og:image:1 --><meta property=\"og:image:width\" content=\"1200\"\/>\n","<!-- og:image:1 --><meta property=\"og:image:height\" content=\"630\"\/>\n","<meta name=\"twitter:domain\" content=\"tu11.fi\"\/>\n","<meta name=\"twitter:site\" content=\"@taekwondourh\"\/>\n","<meta name=\"twitter:title\" content=\"Ristipellontie 14, ohjeita jalankulkijoille, autoilijoille ja...\"\/>\n","<meta name=\"twitter:description\" content=\"TU11 tarjoaa innostavan ymp&auml;rist&ouml;n harjoitella taekwondoa kaikenik&auml;isille ja -tasoisille, aloittelijoista huippu-urheilijoihin. Valmennus on systemaattista ja valmentajat maamme parhaimmistoa...\"\/>\n","<meta name=\"twitter:card\" content=\"summary_large_image\"\/>\n","<meta name=\"twitter:image\" content=\"http:\/\/tu11.fi\/taekwondo\/wp-content\/uploads\/2025\/04\/kartta_sisaan-1200x630-cropped.png?p=16301\"\/>\n","<meta name=\"thumbnail\" content=\"http:\/\/tu11.fi\/taekwondo\/wp-content\/uploads\/2025\/04\/kartta_sisaan-1200x630-cropped.png\"\/>\n","<script type=\"application\/ld+json\" id=\"wpsso-schema-graph\">{\n    \"@context\": \"https:\/\/schema.org\",\n    \"@graph\": [\n        {\n            \"@id\": \"#sso\/knowledge-graph\/sports-team\/16301\",\n            \"@context\": \"https:\/\/schema.org\",\n            \"@type\": \"SportsTeam\",\n            \"mainEntityOfPage\": \"http:\/\/tu11.fi\/taekwondo\/ristipellontie-14-ohjeita-jalankulkijoille-autoilijoille-ja-pyorailijoille\/\",\n            \"url\": \"http:\/\/tu11.fi\/taekwondo\/ristipellontie-14-ohjeita-jalankulkijoille-autoilijoille-ja-pyorailijoille\/\",\n            \"sameAs\": [\n                \"http:\/\/tu11.fi\/taekwondo\/?p=16301\"\n            ],\n            \"name\": \"Ristipellontie 14, ohjeita jalankulkijoille, autoilijoille ja...\",\n            \"alternateName\": \"Ristipellontie 14, ohjeita jalankulkijoille, autoilijoille ja py&ouml;r&auml;ilij&ouml;ille  &ndash; Taekwondourheilijat 2011 |...\",\n            \"description\": \"TU11 tarjoaa innostavan ymp&auml;rist&ouml;n harjoitella taekwondoa kaikenik&auml;isille ja -tasoisille, aloittelijoista huippu-urheilijoihin. Valmennus on systemaattista ja valmentajat maamme parhaimmistoa. Aloita taekwondo nyt!\",\n            \"image\": [\n                {\n                    \"@id\": \"\/wp-content\/uploads\/2023\/04\/petteri_tu11-kopio-5-1200x1200-cropped.jpg#sso\/image-object\"\n                },\n                {\n                    \"@id\": \"\/wp-content\/uploads\/2025\/04\/kartta_sisaan-1200x900-cropped.png#sso\/image-object\"\n                },\n                {\n                    \"@id\": \"\/wp-content\/uploads\/2025\/04\/kartta_sisaan-1200x675-cropped.png#sso\/image-object\"\n                }\n            ]\n        },\n        {\n            \"@id\": \"\/wp-content\/uploads\/2023\/04\/petteri_tu11-kopio-5-1200x1200-cropped.jpg#sso\/image-object\",\n            \"@context\": \"https:\/\/schema.org\",\n            \"@type\": \"ImageObject\",\n            \"url\": \"http:\/\/tu11.fi\/taekwondo\/wp-content\/uploads\/2023\/04\/petteri_tu11-kopio-5-1200x1200-cropped.jpg\",\n            \"identifier\": \"14771-wpsso-schema-1x1\",\n            \"name\": \"petteri_tu11-kopio-5  &ndash; Taekwondourheilijat 2011 | Taekwondoa...\",\n            \"alternateName\": \"petteri_tu11-kopio-5  &ndash; Taekwondourheilijat 2011 | Taekwondoa parhaassa seurassa | Helsinki | Espoo | Vantaa\",\n            \"description\": \"No Description.\",\n            \"encodingFormat\": \"image\/jpeg\",\n            \"uploadDate\": \"2023-09-22T07:10:24+00:00\",\n            \"width\": [\n                {\n                    \"@id\": \"#sso\/qv-width-px-1200\"\n                }\n            ],\n            \"height\": [\n                {\n                    \"@id\": \"#sso\/qv-height-px-1200\"\n                }\n            ]\n        },\n        {\n            \"@id\": \"#sso\/qv-width-px-1200\",\n            \"@context\": \"https:\/\/schema.org\",\n            \"@type\": \"QuantitativeValue\",\n            \"name\": \"Width\",\n            \"unitText\": \"px\",\n            \"unitCode\": \"E37\",\n            \"value\": \"1200\"\n        },\n        {\n            \"@id\": \"#sso\/qv-height-px-1200\",\n            \"@context\": \"https:\/\/schema.org\",\n            \"@type\": \"QuantitativeValue\",\n            \"name\": \"Height\",\n            \"unitText\": \"px\",\n            \"unitCode\": \"E37\",\n            \"value\": \"1200\"\n        },\n        {\n            \"@id\": \"\/wp-content\/uploads\/2025\/04\/kartta_sisaan-1200x900-cropped.png#sso\/image-object\",\n            \"@context\": \"https:\/\/schema.org\",\n            \"@type\": \"ImageObject\",\n            \"url\": \"http:\/\/tu11.fi\/taekwondo\/wp-content\/uploads\/2025\/04\/kartta_sisaan-1200x900-cropped.png\",\n            \"identifier\": \"49820-wpsso-schema-4x3\",\n            \"name\": \"kartta_sisaan  &ndash; Taekwondourheilijat 2011 | Taekwondoa parhaassa...\",\n            \"alternateName\": \"kartta_sisaan  &ndash; Taekwondourheilijat 2011 | Taekwondoa parhaassa seurassa | Helsinki | Espoo | Vantaa\",\n            \"description\": \"No Description.\",\n            \"encodingFormat\": \"image\/png\",\n            \"uploadDate\": \"2025-04-15T11:44:03+00:00\",\n            \"width\": [\n                {\n                    \"@id\": \"#sso\/qv-width-px-1200\"\n                }\n            ],\n            \"height\": [\n                {\n                    \"@id\": \"#sso\/qv-height-px-900\"\n                }\n            ]\n        },\n        {\n            \"@id\": \"#sso\/qv-height-px-900\",\n            \"@context\": \"https:\/\/schema.org\",\n            \"@type\": \"QuantitativeValue\",\n            \"name\": \"Height\",\n            \"unitText\": \"px\",\n            \"unitCode\": \"E37\",\n            \"value\": \"900\"\n        },\n        {\n            \"@id\": \"\/wp-content\/uploads\/2025\/04\/kartta_sisaan-1200x675-cropped.png#sso\/image-object\",\n            \"@context\": \"https:\/\/schema.org\",\n            \"@type\": \"ImageObject\",\n            \"url\": \"http:\/\/tu11.fi\/taekwondo\/wp-content\/uploads\/2025\/04\/kartta_sisaan-1200x675-cropped.png\",\n            \"identifier\": \"49820-wpsso-schema-16x9\",\n            \"name\": \"kartta_sisaan  &ndash; Taekwondourheilijat 2011 | Taekwondoa parhaassa...\",\n            \"alternateName\": \"kartta_sisaan  &ndash; Taekwondourheilijat 2011 | Taekwondoa parhaassa seurassa | Helsinki | Espoo | Vantaa\",\n            \"description\": \"No Description.\",\n            \"encodingFormat\": \"image\/png\",\n            \"uploadDate\": \"2025-04-15T11:44:03+00:00\",\n            \"width\": [\n                {\n                    \"@id\": \"#sso\/qv-width-px-1200\"\n                }\n            ],\n            \"height\": [\n                {\n                    \"@id\": \"#sso\/qv-height-px-675\"\n                }\n            ]\n        },\n        {\n            \"@id\": \"#sso\/qv-height-px-675\",\n            \"@context\": \"https:\/\/schema.org\",\n            \"@type\": \"QuantitativeValue\",\n            \"name\": \"Height\",\n            \"unitText\": \"px\",\n            \"unitCode\": \"E37\",\n            \"value\": \"675\"\n        },\n        {\n            \"@id\": \"\/ristipellontie-14-ohjeita-jalankulkijoille-autoilijoille-ja-pyorailijoille\/#sso\/breadcrumb-list\/16301\",\n            \"@context\": \"https:\/\/schema.org\",\n            \"@type\": \"BreadcrumbList\",\n            \"url\": \"http:\/\/tu11.fi\/taekwondo\/ristipellontie-14-ohjeita-jalankulkijoille-autoilijoille-ja-pyorailijoille\/\",\n            \"itemListElement\": [\n                {\n                    \"@context\": \"https:\/\/schema.org\",\n                    \"@type\": \"ListItem\",\n                    \"position\": 1,\n                    \"name\": \"Home\",\n                    \"item\": \"http:\/\/tu11.fi\/taekwondo\/\"\n                },\n                {\n                    \"@context\": \"https:\/\/schema.org\",\n                    \"@type\": \"ListItem\",\n                    \"position\": 2,\n                    \"name\": \"Ristipellontie 14, ohjeita jalankulkijoille, autoilijoille ja...\",\n                    \"item\": \"http:\/\/tu11.fi\/taekwondo\/ristipellontie-14-ohjeita-jalankulkijoille-autoilijoille-ja-pyorailijoille\/\"\n                }\n            ]\n        }\n    ]\n}<\/script>\n","<meta name=\"wpsso-end\" content=\"wpsso structured data end\"\/>\n","<meta name=\"wpsso-cached\" content=\"no cache for tu11.fi\/taekwondo\"\/>\n"],"json":[{"@context":"https:\/\/schema.org","@graph":[{"@id":"#sso\/knowledge-graph\/sports-team\/16301","@context":"https:\/\/schema.org","@type":"SportsTeam","mainEntityOfPage":"http:\/\/tu11.fi\/taekwondo\/ristipellontie-14-ohjeita-jalankulkijoille-autoilijoille-ja-pyorailijoille\/","url":"http:\/\/tu11.fi\/taekwondo\/ristipellontie-14-ohjeita-jalankulkijoille-autoilijoille-ja-pyorailijoille\/","sameAs":["http:\/\/tu11.fi\/taekwondo\/?p=16301"],"name":"Ristipellontie 14, ohjeita jalankulkijoille, autoilijoille ja...","alternateName":"Ristipellontie 14, ohjeita jalankulkijoille, autoilijoille ja py&ouml;r&auml;ilij&ouml;ille  &ndash; Taekwondourheilijat 2011 |...","description":"TU11 tarjoaa innostavan ymp&auml;rist&ouml;n harjoitella taekwondoa kaikenik&auml;isille ja -tasoisille, aloittelijoista huippu-urheilijoihin. Valmennus on systemaattista ja valmentajat maamme parhaimmistoa. Aloita taekwondo nyt!","image":[{"@id":"\/wp-content\/uploads\/2023\/04\/petteri_tu11-kopio-5-1200x1200-cropped.jpg#sso\/image-object"},{"@id":"\/wp-content\/uploads\/2025\/04\/kartta_sisaan-1200x900-cropped.png#sso\/image-object"},{"@id":"\/wp-content\/uploads\/2025\/04\/kartta_sisaan-1200x675-cropped.png#sso\/image-object"}]},{"@id":"\/wp-content\/uploads\/2023\/04\/petteri_tu11-kopio-5-1200x1200-cropped.jpg#sso\/image-object","@context":"https:\/\/schema.org","@type":"ImageObject","url":"http:\/\/tu11.fi\/taekwondo\/wp-content\/uploads\/2023\/04\/petteri_tu11-kopio-5-1200x1200-cropped.jpg","identifier":"14771-wpsso-schema-1x1","name":"petteri_tu11-kopio-5  &ndash; Taekwondourheilijat 2011 | Taekwondoa...","alternateName":"petteri_tu11-kopio-5  &ndash; Taekwondourheilijat 2011 | Taekwondoa parhaassa seurassa | Helsinki | Espoo | Vantaa","description":"No Description.","encodingFormat":"image\/jpeg","uploadDate":"2023-09-22T07:10:24+00:00","width":[{"@id":"#sso\/qv-width-px-1200"}],"height":[{"@id":"#sso\/qv-height-px-1200"}]},{"@id":"#sso\/qv-width-px-1200","@context":"https:\/\/schema.org","@type":"QuantitativeValue","name":"Width","unitText":"px","unitCode":"E37","value":"1200"},{"@id":"#sso\/qv-height-px-1200","@context":"https:\/\/schema.org","@type":"QuantitativeValue","name":"Height","unitText":"px","unitCode":"E37","value":"1200"},{"@id":"\/wp-content\/uploads\/2025\/04\/kartta_sisaan-1200x900-cropped.png#sso\/image-object","@context":"https:\/\/schema.org","@type":"ImageObject","url":"http:\/\/tu11.fi\/taekwondo\/wp-content\/uploads\/2025\/04\/kartta_sisaan-1200x900-cropped.png","identifier":"49820-wpsso-schema-4x3","name":"kartta_sisaan  &ndash; Taekwondourheilijat 2011 | Taekwondoa parhaassa...","alternateName":"kartta_sisaan  &ndash; Taekwondourheilijat 2011 | Taekwondoa parhaassa seurassa | Helsinki | Espoo | Vantaa","description":"No Description.","encodingFormat":"image\/png","uploadDate":"2025-04-15T11:44:03+00:00","width":[{"@id":"#sso\/qv-width-px-1200"}],"height":[{"@id":"#sso\/qv-height-px-900"}]},{"@id":"#sso\/qv-height-px-900","@context":"https:\/\/schema.org","@type":"QuantitativeValue","name":"Height","unitText":"px","unitCode":"E37","value":"900"},{"@id":"\/wp-content\/uploads\/2025\/04\/kartta_sisaan-1200x675-cropped.png#sso\/image-object","@context":"https:\/\/schema.org","@type":"ImageObject","url":"http:\/\/tu11.fi\/taekwondo\/wp-content\/uploads\/2025\/04\/kartta_sisaan-1200x675-cropped.png","identifier":"49820-wpsso-schema-16x9","name":"kartta_sisaan  &ndash; Taekwondourheilijat 2011 | Taekwondoa parhaassa...","alternateName":"kartta_sisaan  &ndash; Taekwondourheilijat 2011 | Taekwondoa parhaassa seurassa | Helsinki | Espoo | Vantaa","description":"No Description.","encodingFormat":"image\/png","uploadDate":"2025-04-15T11:44:03+00:00","width":[{"@id":"#sso\/qv-width-px-1200"}],"height":[{"@id":"#sso\/qv-height-px-675"}]},{"@id":"#sso\/qv-height-px-675","@context":"https:\/\/schema.org","@type":"QuantitativeValue","name":"Height","unitText":"px","unitCode":"E37","value":"675"},{"@id":"\/ristipellontie-14-ohjeita-jalankulkijoille-autoilijoille-ja-pyorailijoille\/#sso\/breadcrumb-list\/16301","@context":"https:\/\/schema.org","@type":"BreadcrumbList","url":"http:\/\/tu11.fi\/taekwondo\/ristipellontie-14-ohjeita-jalankulkijoille-autoilijoille-ja-pyorailijoille\/","itemListElement":[{"@context":"https:\/\/schema.org","@type":"ListItem","position":1,"name":"Home","item":"http:\/\/tu11.fi\/taekwondo\/"},{"@context":"https:\/\/schema.org","@type":"ListItem","position":2,"name":"Ristipellontie 14, ohjeita jalankulkijoille, autoilijoille ja...","item":"http:\/\/tu11.fi\/taekwondo\/ristipellontie-14-ohjeita-jalankulkijoille-autoilijoille-ja-pyorailijoille\/"}]}]}],"parts":[["meta","name","generator","content","WPSSO Core 21.12.0\/L*","generator:1"],["meta","name","generator","content","WPSSO RAR 3.3.0\/S","generator:2"],["meta","name","generator","content","WPSSO REST 3.3.0\/S","generator:3"],["meta","name","generator","content","WPSSO BC 5.5.0\/S","generator:4"],["meta","name","generator","content","WPSSO FAQ 7.1.0\/S","generator:5"],["meta","name","generator","content","WPSSO OPM 5.1.0\/S","generator:6"],["meta","name","generator","content","WPSSO SSM 3.4.0\/S","generator:7"],["meta","name","generator","content","WPSSO TIE 4.1.0\/S","generator:8"],["meta","name","generator","content","WPSSO UM 7.3.0\/S","generator:9"],["meta","name","generator","content","WPSSO UL 4.3.0\/S","generator:10"],["link","rel","shortlink","href","http:\/\/tu11.fi\/taekwondo\/?p=16301",""],["meta","property","fb:app_id","content","966242223397117",""],["meta","property","og:time","content","2026-04-12T02:35:05+00:00",""],["meta","property","og:type","content","website",""],["meta","property","og:url","content","http:\/\/tu11.fi\/taekwondo\/ristipellontie-14-ohjeita-jalankulkijoille-autoilijoille-ja-pyorailijoille\/",""],["meta","property","og:locale","content","fi_FI",""],["meta","property","og:site_name","content","Taekwondourheilijat 2011 | Taekwondoa parhaassa seurassa | Helsinki | Espoo | Vantaa",""],["meta","property","og:title","content","Ristipellontie 14, ohjeita jalankulkijoille, autoilijoille ja...",""],["meta","property","og:description","content","TU11 tarjoaa innostavan ymp&auml;rist&ouml;n harjoitella taekwondoa kaikenik&auml;isille ja -tasoisille, aloittelijoista huippu-urheilijoihin. Valmennus on systemaattista ja valmentajat maamme parhaimmistoa. Aloita taekwondo nyt!",""],["meta","property","og:updated_time","content","2025-04-15T11:59:46+00:00",""],["meta","property","og:image:url","content","http:\/\/tu11.fi\/taekwondo\/wp-content\/uploads\/2025\/04\/kartta_sisaan-1200x630-cropped.png","og:image:1"],["meta","property","og:image","content","http:\/\/tu11.fi\/taekwondo\/wp-content\/uploads\/2025\/04\/kartta_sisaan-1200x630-cropped.png","og:image:1"],["meta","property","og:image:width","content","1200","og:image:1"],["meta","property","og:image:height","content","630","og:image:1"],["meta","property","og:image:cropped","content","true","og:image:1"],["meta","property","og:image:id","content","49820","og:image:1"],["meta","property","og:image:size_name","content","wpsso-opengraph","og:image:1"],["meta","name","schema:language","content","fi",""],["meta","name","schema:type:id","content","sports.team",""],["meta","name","schema:type:url","content","https:\/\/schema.org\/SportsTeam",""],["meta","name","schema:type:context","content","https:\/\/schema.org",""],["meta","name","schema:type:name","content","SportsTeam",""],["meta","name","schema:type:path","content","schema.org\/SportsTeam",""],["meta","property","article:author:name","content","Sampo Pajulampi",""],["meta","property","article:reading_mins","content","1",""],["meta","name","twitter:domain","content","tu11.fi",""],["meta","name","twitter:site","content","@taekwondourh",""],["meta","name","twitter:title","content","Ristipellontie 14, ohjeita jalankulkijoille, autoilijoille ja...",""],["meta","name","twitter:description","content","TU11 tarjoaa innostavan ymp&auml;rist&ouml;n harjoitella taekwondoa kaikenik&auml;isille ja -tasoisille, aloittelijoista huippu-urheilijoihin. Valmennus on systemaattista ja valmentajat maamme parhaimmistoa...",""],["meta","name","twitter:card","content","summary_large_image",""],["meta","name","twitter:image","content","http:\/\/tu11.fi\/taekwondo\/wp-content\/uploads\/2025\/04\/kartta_sisaan-1200x630-cropped.png?p=16301",""],["meta","name","thumbnail","content","http:\/\/tu11.fi\/taekwondo\/wp-content\/uploads\/2025\/04\/kartta_sisaan-1200x630-cropped.png",""]]},"_links":{"self":[{"href":"http:\/\/tu11.fi\/taekwondo\/wp-json\/wp\/v2\/pages\/16301","targetHints":{"allow":["GET"]}}],"collection":[{"href":"http:\/\/tu11.fi\/taekwondo\/wp-json\/wp\/v2\/pages"}],"about":[{"href":"http:\/\/tu11.fi\/taekwondo\/wp-json\/wp\/v2\/types\/page"}],"author":[{"embeddable":true,"href":"http:\/\/tu11.fi\/taekwondo\/wp-json\/wp\/v2\/users\/2"}],"replies":[{"embeddable":true,"href":"http:\/\/tu11.fi\/taekwondo\/wp-json\/wp\/v2\/comments?post=16301"}],"version-history":[{"count":2,"href":"http:\/\/tu11.fi\/taekwondo\/wp-json\/wp\/v2\/pages\/16301\/revisions"}],"predecessor-version":[{"id":49823,"href":"http:\/\/tu11.fi\/taekwondo\/wp-json\/wp\/v2\/pages\/16301\/revisions\/49823"}],"wp:featuredmedia":[{"embeddable":true,"href":"http:\/\/tu11.fi\/taekwondo\/wp-json\/wp\/v2\/media\/49820"}],"wp:attachment":[{"href":"http:\/\/tu11.fi\/taekwondo\/wp-json\/wp\/v2\/media?parent=16301"}],"curies":[{"name":"wp","href":"https:\/\/api.w.org\/{rel}","templated":true}]}}